/(-10))/(6/60)?
2
Suppose -2*c - 2*d + 3 = c, -3 = d. Let p(k) = 8*k**2 + 2 - 1 - 6*k**c + k + 5*k**3. What is the units digit of p(8)?
9
Let s be -3*(-4)/3*-2. Let v = -3 - s. Suppose d = -v*c + 21, 2*c + 3 = 9. What is the units digit of d?
6
Suppose 0 = 3*b - 0*t - 2*t - 21, -2*t = b - 15. Let i = b - -9. What is the tens digit of i?
1
Let h = -242 - -573. What is the tens digit of h?
3
Let j be (1*2)/((-1)/(-2)). Suppose 5*u = -4*m - 80, -3*u = -j*u + 2*m - 2. What is the units digit of (u/9 + 1)*-6?
2
Suppose 5*l + 10 = 95. Let u = 25 - l. What is the units digit of u?
8
Let l(u) = -u**3 - u**2 + u + 1. Let f(q) = -2*q**3 - 6*q**2 + 4*q + 3. Let r(o) = f(o) - 3*l(o). Let a be r(2). Let d = 6 + a. What is the units digit of d?
4
Let f(b) = -b**3 + 7*b**2 + 4*b + 8. What is the units digit of f(7)?
6
Suppose 0 = -2*w - 2, 2*i + w - 2*w + 1 = 0. Let c(s) = -s + 2*s - 2*s. What is the units digit of c(i)?
1
Let d(v) = -v**3 - v**2 + 4*v - 5. What is the units digit of d(-5)?
5
Let x be 0/(-2)*(-2)/(-4). Let h(v) = 1 + x + 2 + 7*v**2 + v - v**3. What is the units digit of h(7)?
0
Let d(k) = -4*k**3 - 2*k**2 - 2. Suppose -2 + 8 = -3*v. What is the units digit of d(v)?
2
What is the units digit of 1354/13 + (-4)/26?
4
Let p be 2/2 - -5 - -2. Let z(b) = -3*b - 6. Let o(s) = -s + 1. Let a(n) = 4*o(n) - z(n). What is the units digit of a(p)?
2
Let m(h) = h**3 + 11*h**2 + 4*h - 11. What is the units digit of m(-8)?
9
Let v be ((-8)/20)/(1/(-35)). Suppose 5*h - v = 26. What is the units digit of h?
8
Let v be 148/52 - (-2)/13. Suppose -4*j - 15 = -5*o + 9, -2*o - 5*j + v = 0. Suppose -3*r = -3*g + 27, 1 = o*g - 5*r - 31. What is the units digit of g?
3
Suppose 6*p = 2*p + 8. Let k = -30 - -48. Suppose 12 = -3*j, -p*a - j - 4*j - k = 0. What is the units digit of a?
1
Let z = 196 + -118. What is the units digit of z/(-8)*16/(-6)?
6
Let o(h) = 3*h**2 + 6*h - 1. Let p(r) = -3*r**2 - 7*r + 1. Let f(g) = 6*o(g) + 5*p(g). What is the tens digit of f(2)?
1
Let l = -22 + 32. What is the units digit of (l/2)/(-2 + 3)?
5
Suppose 0 = 15*r - 3412 - 8. What is the tens digit of r?
2
Let u be (-2)/12 + 140/(-24). Let h = u + 9. What is the units digit of h?
3
Let g be 0 + 4*15/(-6). Let i = 4 + g. Let l = -4 - i. What is the units digit of l?
2
Let y(v) = 7*v**3 - v**2. Let g be ((-2)/3)/((-12)/18). What is the units digit of y(g)?
6
Suppose 2*p - p = 1. Let o be -3 + 76 + p + -4. Suppose -5*j = 5*v - o, 0 = -3*v + 8*j - 3*j + 26. What is the units digit of v?
2
Let z(i) = -3*i**2 - i + 3. Let x be z(-3). Let j = x + 31. What is the tens digit of j?
1
Suppose -3*f = f. Suppose f = -3*b + 15 - 0. What is the units digit of b?
5
Let c = -5 - -5. Suppose c*k + 5 = k. What is the units digit of k?
5
Let k = -10 - 5. Let c = -3 - k. What is the units digit of c?
2
Let g = 6 - -100. What is the hundreds digit of g?
1
Let g(b) = -b**2 - 13*b + 3. What is the tens digit of g(-12)?
1
Suppose 0 = -2*r + 2 + 2. Suppose r*n + z + 0 = 7, -z + 19 = 5*n. What is the units digit of n?
4
Suppose 30 = w - 1. What is the tens digit of w?
3
Let w be 158/(-6) - (-32)/(-48). Let f = w + 55. What is the tens digit of f?
2
Let g(h) = 28*h**2 + 2*h + 1. Let u be g(-1). Suppose -4*m - m = 3*q - 57, q + 5 = m. Suppose 3*s - u = m. What is the units digit of s?
2
Suppose 5*f = -3*c + 9, -4*c - f + 0 = 5. What is the tens digit of 6/4 - 43/c?
2
Let z be 4/6*(-18)/(-4). Suppose -4*v + 0*v = -o - 15, -z*o - 15 = -2*v. Let u = 1 - o. What is the units digit of u?
4
Let f = -15 - -9. Let t be f/(-4)*2/3. Let x(u) = 5*u**3. What is the units digit of x(t)?
5
Let o(x) = x**3 + 8*x**2 - 9*x - 1. Let l be o(-9). What is the units digit of (l - -3)*(-9)/(-6)?
3
Let d(l) = -5*l**3 + l**2. What is the units digit of d(-1)?
6
Let k(j) be the second derivative of -j**6/720 + 7*j**5/120 - j**4/12 + 2*j. Let s(x) be the third derivative of k(x). What is the units digit of s(5)?
2
Let n(z) = 20*z**2 - z - 2. What is the units digit of n(-3)?
1
Let b be ((-9)/12)/((-3)/48). Suppose 0*s - s + b = -h, -2*h - 4 = 0. Let y = -5 + s. What is the units digit of y?
5
Let g = 5 + 1. Let i be 3*-8*g/(-4). Suppose -i = -5*y + 2*y. What is the units digit of y?
2
Let y(i) = -i**3 + 5*i**2 - 3*i - 4. Let o be y(4). Suppose -2*v = -o*v - 24. What is the tens digit of v?
1
Let o(q) = q**3 + 4*q**2 - 2*q + 1. What is the units digit of o(-4)?
9
Let r = -17 - -29. What is the units digit of (r/(-18))/((-2)/9)?
3
Suppose -z = -t + 7, 5*z + 0 = 5. What is the units digit of t?
8
Let x = -6 + 20. Suppose -i - 3 + x = 0. What is the tens digit of i?
1
Suppose 3*v = -138 + 24. Let c = 81 + v. What is the units digit of c?
3
Let a = 9 - 5. Suppose -o - 2*p = -3 - 11, -o - 4*p = -24. Suppose a*s = o + 8. What is the units digit of s?
3
Suppose -7 - 11 = -2*k. Suppose -2*n = -k + 1. What is the units digit of n?
4
Let p = 48 - -41. Suppose 0 = 2*k + 3*u - 93, -3*k + p = -k - u. Suppose -5*y + 0*y = -k. What is the units digit of y?
9
Let j be 6/(-9) - 10/(-6). Let g be (-2)/(-2) + j + 2. What is the units digit of g*((-105)/12)/(-5)?
7
Let t(f) = 40*f**3 - 2*f + 1. What is the tens digit of t(1)?
3
Let z = -26 + 58. What is the units digit of z?
2
Let x be (-60)/(-9) - (-4)/(-6). Suppose m = 4*w + 65, -w + m - 11 = x*m. Let p = w - -26. What is the units digit of p?
0
Suppose 4*k - 11 = 5. Suppose 2*h - 132 = -2*h - k*b, -3*h + 109 = 5*b. What is the units digit of h?
8
Suppose -51*n = -50*n - 79. What is the units digit of n?
9
Let p = -6 - -9. Let z(t) be the first derivative of t**4/4 - 2*t**3/3 - t**2/2 + 1. What is the units digit of z(p)?
6
Suppose -5*v + 4*x + 55 = -x, -v - 4*x + 6 = 0. Let l = 9 + -5. Suppose 0 = -l*i + v - 2. What is the units digit of i?
2
Suppose -3 = -4*o + 5. Suppose -49 = -5*v + o*d, -v + 0*d - 5*d + 26 = 0. What is the tens digit of v?
1
Let i = 25 + 7. Suppose 32 = 4*r - i. What is the units digit of r?
6
What is the tens digit of ((-597)/30*4)/(12/(-30))?
9
Suppose o = 13 + 25. What is the tens digit of o?
3
Let p be 14/4 - 1/2. Let q be 2*p + -2 - -1. Let s = 4 + q. What is the units digit of s?
9
Let z(x) = -x**3 + 5*x**2 + 8*x - 9. Suppose -s + 4*c = 6*c - 14, 0 = 5*c - 20. What is the units digit of z(s)?
3
What is the tens digit of (-6)/(-4) + (-99)/(-6)?
1
Let i be (-6)/10 - (-34)/(-10). Let h(b) = b**3 + 5*b**2 - 1. What is the tens digit of h(i)?
1
Let n(l) = 11*l**2 + 8*l + 27. What is the units digit of n(-5)?
2
Let r be 3/(-3)*(-4 + 0). Let v be (-1 - 0)*1 - -7. Suppose 2*q - r*q = -v. What is the units digit of q?
3
Let z(c) = -c. Let a be z(-4). Let b = a + -11. Let q = -4 - b. What is the units digit of q?
3
Let u be -1*3/(-2)*4. Let j = u + 3. What is the units digit of j?
9
Let l = -13 + 22. Suppose -120 = -5*f + f. Suppose -4*s - f = -l*s. What is the units digit of s?
6
Suppose 3*h - 435 = -60. What is the units digit of h?
5
Let i(g) = -3*g**2 + 3*g + 2. Let c be i(3). What is the units digit of 0 + (-4)/(c/20)?
5
Let k = 536 - 293. What is the units digit of k?
3
Suppose 15 = 5*h + 3*x - 7, -h + 8 = -3*x. Suppose 6 = -h*s + 4*s. What is the units digit of s/4*(-40)/6?
0
Suppose 4*a - 163 = -5*p, a + 166 = 4*a - 5*p. Suppose 0 = -5*d + a + 88. What is the units digit of (1/(-1))/((-3)/d)?
9
Let u = -3 + 1. Suppose 2*f - 3 - 3 = 0. Let y = u + f. What is the units digit of y?
1
Let a(u) = -2*u + 2. Let q be a(-2). What is the units digit of ((-4)/(-5))/(q/135)?
8
Suppose 3*d - 116 = -35. What is the tens digit of 4/((-8)/2) + d?
2
Let b(k) = 13 - 4 - k + k**3 - 7*k**2 + 0*k**3. What is the units digit of b(7)?
2
Let t(q) = -4*q - 5. Let v = 6 + 7. Suppose -3*y + 1 - v = 0. What is the units digit of t(y)?
1
Suppose 0 = -5*s + 5*h + 45, 0 = -7*h + 2*h - 20. Let o(i) = i - 7. Let f be o(10). Let a = s + f. What is the units digit of a?
8
Suppose 2*a - 78 = -2*m, 0*m - 87 = -2*a + m. Suppose -3*p = p - 2*r - a, -p + 6 = 4*r. What is the units digit of p?
0
Let g be 5 + -3 - (-1 - -3). Suppose t - 42 + 9 = g. What is the units digit of t?
3
Suppose 6*r - 2*r + 2*u - 338 = 0, 0 = 5*r + 3*u - 422. What is the units digit of r?
5
Suppose 4 + 5 = 3*m. Let p(z) = -z**2 + 3*z + 2. Let t be p(m). Suppose t*l + 22 = 3*l. What is the units digit of l?
2
Let i = 100 + 10. What is the hundre